o(i)?
8
Suppose 3*s = 15, 3*i + 15 - 6 = 3*s. Let o be (6*i)/(6/9). Suppose 5*w - o = 2*w. What is the units digit of w?
6
Let v(x) = -x**3 - 7*x**2 + 5. What is the units digit of v(-8)?
9
Let d(n) = -2*n**3 + 14*n**2 - 3*n + 3. What is the units digit of d(6)?
7
Let h = -53 - -94. What is the units digit of h?
1
Let i(o) = -o - 2. Let u be (-99)/(-12) - 1/4. Suppose 0 = 4*s - u + 48. What is the units digit of i(s)?
8
Suppose 0 = 3*k - 15, g - 3*g + 64 = 2*k. What is the tens digit of g?
2
What is the tens digit of (-3)/(-15) - (-124)/5?
2
Let v(j) = j**3 - 8*j**2 - 4*j + 12. What is the tens digit of v(9)?
5
Suppose -4*h - 10 = -42. Let g be 47/9 + h/(-36). Suppose l = -4*l + 4*z + 30, -g*z = -2*l + 12. What is the units digit of l?
6
Suppose -99 = -2*f - 33. What is the units digit of f?
3
Let g be (-6)/8 + 34/(-8). Let o = 2 + g. Let s = o - -6. What is the units digit of s?
3
Let n = 0 + 7. Suppose 2*x - 88 = -2*x. Suppose 2*w = 2*y - 16, -n*y + 3*y - w + x = 0. What is the units digit of y?
6
Let f(j) be the third derivative of j**6/120 + j**4/24 + 16*j**3/3 + 2*j**2. What is the tens digit of f(0)?
3
What is the units digit of 522/((-36)/(-6)) - -1*3?
0
Suppose z - 5*c - 55 = 6*z, -2*z + 4*c = -8. Let r be (z/4 - -1)*-14. Suppose k + a + 1 = -3, 0 = 3*k + 2*a + r. What is the units digit of k?
1
Let j(f) = -f**3 - 12*f**2 - 6*f - 5. What is the tens digit of j(-12)?
6
Suppose 16 = -3*m - m. Let u = 1 - m. What is the units digit of u?
5
Let s be (66/9)/(2/21). Suppose 4*a = 5*l - 174, 3*l = 4*a + 29 + s. What is the tens digit of l?
3
Let l(u) = u**3 + u + 1. Suppose 0*w + 3*w = 0. Let g be l(w). Suppose g = 4*p - 3. What is the units digit of p?
1
Suppose 0 = n - 1 - 2. Suppose -l + 28 = n*l. What is the units digit of 1 - 2 - (0 - l)?
6
Let m(d) be the first derivative of -d**3/3 - 5*d**2 - 4*d + 4. Let o be m(-9). Suppose -4*z + o*j + 94 = 0, 8*z + j = 4*z + 82. What is the units digit of z?
1
Suppose 2*p = -2*u - 0*u + 124, 0 = 5*p + u - 322. What is the tens digit of p?
6
Let s = 104 - 49. What is the tens digit of s?
5
Let d(c) = 3*c - 10. Let h be d(9). Let z = h + -10. What is the units digit of z?
7
Let x = -61 + 32. What is the units digit of x/(-3) + (-8)/12?
9
Let h = 0 + -5. Let u(v) = v + 2. Let c be u(h). Let b(a) = -a**2 - 4*a + 1. What is the units digit of b(c)?
4
Let d(c) be the second derivative of 4*c**3/3 - 3*c**2/2 + c. What is the units digit of d(2)?
3
Let c be 3/(-1*2 - -3). Suppose 4*i + 2*r - r + 16 = 0, r = c*i + 5. What is the units digit of -1*(-1 + 9/i)?
4
Suppose 5 = -s + 34. Let p = s - 4. What is the units digit of p?
5
Let i(l) = l**2 - 9*l - 5. Let g be i(10). What is the units digit of 30*g/((-25)/(-2))?
2
Suppose 0 = -2*o + 7*o + 2*q - 22, o - 8 = -4*q. Let i be o/3*(11 + 4). Suppose -5*u = -3*x - 24, -4*x = -4*u - 4 + i. What is the units digit of u?
6
Suppose -f + 2*f + v = 105, -v = -3*f + 335. What is the units digit of f?
0
Let n be 195/21 + (-8)/28. Let l = n - 7. What is the units digit of l?
2
Suppose -4*h + 2*i + 10 = 0, -11 = -0*h - 2*h - 5*i. Suppose 0 = h*q - 5*p - 50, p - 5*p = 2*q - 26. What is the tens digit of q?
1
Let z = -6 - -7. What is the units digit of z?
1
Suppose -x - r + 3 = 0, r + 9 = 5*x - 0*x. Suppose -x*k = -4 - 2. What is the units digit of k?
3
Suppose -h - 2*q = -131, -5*h + 0*q - q = -664. What is the units digit of h?
3
Let h(n) be the second derivative of n**3/6 - n**2/2 - 4*n. What is the units digit of h(4)?
3
Suppose 0 = -3*m + d + 13, 7*m - 4*m - 8 = 2*d. Let q = m - 5. Suppose -q = 3*n - 43. What is the units digit of n?
4
Suppose 0 = -3*u - 0*u + 18. What is the tens digit of (-1 + 3 + 0)*u?
1
Suppose 34 = 3*a + 4. Suppose -z + 4*i = -9, -3*z + 3*i + a = 8*i. What is the units digit of z?
5
Let k(x) = -39*x + 3. What is the hundreds digit of k(-4)?
1
Suppose 4*a - 6 = 6. Let h = 6 - a. What is the units digit of h?
3
Let c = 88 + -18. Suppose k = -4*k + c. What is the units digit of k?
4
Let n = -256 - -558. What is the hundreds digit of n?
3
Suppose 2442 = 8*r - 2*r. What is the units digit of r?
7
Suppose 0 = 5*c - 8 - 17. Suppose 0 = u - 5, -4*u - 4 = -c*s + s. What is the units digit of s?
6
Let t(o) = -55*o**3 - 2*o - 1. What is the tens digit of t(-1)?
5
Let f = 304 - -35. What is the hundreds digit of f?
3
Let u(y) = -6*y + 53. What is the units digit of u(-22)?
5
Let p be (-7)/((-2)/6*1). Suppose -g = -0*g - 13. Let w = p - g. What is the units digit of w?
8
Suppose 27 = -o + 252. What is the units digit of o?
5
Let m(g) = g**3 - 6*g**2 - 5*g - 4. What is the tens digit of m(7)?
1
Let i = 4 + -4. Suppose 2*h - y - 6 = i, h - 4 = 3*y + 9. What is the units digit of h?
1
Let o(y) = 13*y. What is the units digit of o(1)?
3
Let y be (-14 - -11) + (1 - 1). Suppose 5*v + 15 = -0*v, 3*v + 1 = 4*n. What is the units digit of ((-2)/(-1))/(n/y)?
3
Suppose 6*m + 0*m = 216. What is the tens digit of m?
3
Let a = -283 - -475. What is the units digit of a?
2
Let w be 4/(-8) - (-46)/(-4). Let s be (-8)/w - (-8)/6. Suppose 4*l - 3 = 3*j + 20, -s*j = 5*l - 46. What is the units digit of l?
8
Let d = -4 - -6. Let a(v) = v**2 - v + 1. Let r be a(d). Suppose 30 = 4*x - 3*k, -k + 10 = r*x - 6. What is the units digit of x?
6
Let n(q) = q**2 + 7*q. Suppose 0 = y + 7. Let x be n(y). Suppose -a + 3 - 6 = -2*l, x = 3*l + 5*a - 24. What is the units digit of l?
3
Let o = -2 - -5. Suppose 44 = o*v + v. Let i(u) = u - 4. What is the units digit of i(v)?
7
Let n be 286*(-3)/(-6) + 2. Suppose -5*r + 55 = -n. What is the units digit of r?
0
Let l = 0 + -8. Let p(u) = u**3 + 9*u**2 + 7*u + 6. What is the units digit of p(l)?
4
Let v(s) = -s**2 - 4*s + 3. Let j be v(-4). Suppose 4*o + 3*k - 45 = 0, -j*o + o + 20 = 4*k. What is the units digit of o?
2
Let l(k) = k**3 - 4*k**2 - k + 2. Let j be l(4). What is the tens digit of (2 - -10)/j*-2?
1
Let y(v) be the second derivative of -2*v**2 + 1/20*v**5 + v + 1/3*v**4 + 0 + 1/6*v**3. What is the units digit of y(-3)?
2
What is the units digit of ((-340)/(-6))/(((-45)/(-9))/15)?
0
Let t(l) = -l**2 + 8*l - 3. What is the units digit of t(2)?
9
What is the tens digit of (-8 + 10)*(10 - 0)?
2
Let w(s) = -s**2 + 4*s - 2. Let r be w(3). Let d = r - 1. Let p = 3 - d. What is the units digit of p?
3
Let v(p) = p**2 - 6*p - 7. Let i(w) = w**3 - 12*w**2 + 11*w + 8. Let n be i(11). What is the units digit of v(n)?
9
Suppose 4*j - r = 12, 3*r - 8 = -3*j + 4*r. Suppose 4*g = 5*i, 3*i - j = g + 3. What is the units digit of g?
5
Let r(x) = -x - 6. Let k be r(-11). Let o = 8 + k. What is the tens digit of o?
1
Suppose x - 11 = -0. Suppose -w + x = -3. What is the units digit of w?
4
Let t = -53 + 109. What is the units digit of t?
6
Let q = -1 + -2. Let b = 4 + q. What is the units digit of b/((-3)/9*-1)?
3
Let m = 111 - 64. What is the units digit of m?
7
Let d be 2/10 + (-2)/10. Suppose -4*j + 3*z - 81 = -d*z, 88 = -4*j - 4*z. Let b = 38 + j. What is the tens digit of b?
1
Let h be (-3 - 0)/(-3)*5. Suppose -h*u = 3*l - 18, 4*l - 78 + 19 = 5*u. What is the tens digit of l?
1
Let j = 34 + -57. Let r = -3 - j. What is the units digit of r?
0
What is the units digit of 16/(-56) + (-340)/(-14)?
4
Let u = 134 - 93. What is the tens digit of u?
4
Let g(x) = -x**3 + 13*x**2 - 23*x + 7. What is the units digit of g(10)?
7
Let c(s) = 7*s**2 + 41*s - 9. What is the units digit of c(-9)?
9
Let n(i) = -i**3 - 10*i**2 - 4*i - 20. What is the units digit of n(-10)?
0
Let b(s) = -6*s + 7. What is the tens digit of b(-3)?
2
Let n = 4 + -3. Let l be -1*n/3*-9. Suppose -r - 14 = -5*s, 0*s + 2*s - 3*r - l = 0. What is the units digit of s?
3
Let h be (-7)/4*(1 - -3). Let y = -2 - h. What is the units digit of y?
5
Suppose -5*u + u = -20. Suppose -u*p + 0*p - 70 = 0. Let k = p + 21. What is the units digit of k?
7
Suppose 2*m + 1 = -7, 5*v - 4*m = 191. What is the tens digit of v?
3
Suppose 6*j + 2*k - 6 = 3*j, 0 = -3*k. Suppose 3*f - 2*f - 5 = 0, j*g - f = -1. Suppose -2*p + g*t = 2, 4 = 2*p + 2*t - t. What is the units digit of p?
1
Let h be (18/3)/((-3)/2). What is the units digit of -3*(1 - h/(-3))?
1
Let i(c) = 9*c**2 + c. Suppose 0 = -2*x - x + 6. Let h = x - 3. What is the units digit of i(h)?
8
Suppose -j + 10 = -5. What is the units digit of j?
5
Suppose 4*